[INFO] cloning repository https://github.com/jeffdiom/SSBU-mods-Personal-Balance-Changes-
[INFO] running `Command { std: "git" "-c" "credential.helper=" "-c" "credential.helper=/workspace/cargo-home/bin/git-credential-null" "clone" "--bare" "https://github.com/jeffdiom/SSBU-mods-Personal-Balance-Changes-" "/workspace/cache/git-repos/https%3A%2F%2Fgithub.com%2Fjeffdiom%2FSSBU-mods-Personal-Balance-Changes-", kill_on_drop: false }`
[INFO] [stderr] Cloning into bare repository '/workspace/cache/git-repos/https%3A%2F%2Fgithub.com%2Fjeffdiom%2FSSBU-mods-Personal-Balance-Changes-'...
[INFO] running `Command { std: "git" "rev-parse" "HEAD", kill_on_drop: false }`
[INFO] [stdout] cdc461cca23690928ecb8a1d9fd9b99e4d1a255c
[INFO] building jeffdiom/SSBU-mods-Personal-Balance-Changes- against master#ff34b919075f35a1787659e9c448a34b06bab8de for issue-85264
[INFO] running `Command { std: "git" "clone" "/workspace/cache/git-repos/https%3A%2F%2Fgithub.com%2Fjeffdiom%2FSSBU-mods-Personal-Balance-Changes-" "/workspace/builds/worker-12/source", kill_on_drop: false }`
[INFO] [stderr] Cloning into '/workspace/builds/worker-12/source'...
[INFO] [stderr] done.
[INFO] validating manifest of git repo https://github.com/jeffdiom/SSBU-mods-Personal-Balance-Changes- on toolchain ff34b919075f35a1787659e9c448a34b06bab8de
[INFO] running `Command { std: "/workspace/cargo-home/bin/cargo" "+ff34b919075f35a1787659e9c448a34b06bab8de" "metadata" "--manifest-path" "Cargo.toml" "--no-deps", kill_on_drop: false }`
[INFO] removed /workspace/builds/worker-12/source/rust-toolchain
[INFO] started tweaking git repo https://github.com/jeffdiom/SSBU-mods-Personal-Balance-Changes-
[INFO] finished tweaking git repo https://github.com/jeffdiom/SSBU-mods-Personal-Balance-Changes-
[INFO] tweaked toml for git repo https://github.com/jeffdiom/SSBU-mods-Personal-Balance-Changes- written to /workspace/builds/worker-12/source/Cargo.toml
[INFO] crate git repo https://github.com/jeffdiom/SSBU-mods-Personal-Balance-Changes- already has a lockfile, it will not be regenerated
[INFO] running `Command { std: "/workspace/cargo-home/bin/cargo" "+ff34b919075f35a1787659e9c448a34b06bab8de" "fetch" "--manifest-path" "Cargo.toml", kill_on_drop: false }`
[INFO] running `Command { std: "docker" "create" "-v" "/var/lib/crater-agent-workspace/builds/worker-12/target:/opt/rustwide/target:rw,Z" "-v" "/var/lib/crater-agent-workspace/builds/worker-12/source:/opt/rustwide/workdir:ro,Z" "-v" "/var/lib/crater-agent-workspace/cargo-home:/opt/rustwide/cargo-home:ro,Z" "-v" "/var/lib/crater-agent-workspace/rustup-home:/opt/rustwide/rustup-home:ro,Z" "-e" "SOURCE_DIR=/opt/rustwide/workdir" "-e" "CARGO_TARGET_DIR=/opt/rustwide/target" "-e" "CARGO_HOME=/opt/rustwide/cargo-home" "-e" "RUSTUP_HOME=/opt/rustwide/rustup-home" "-w" "/opt/rustwide/workdir" "-m" "1610612736" "--user" "0:0" "--network" "none" "ghcr.io/rust-lang/crates-build-env/linux@sha256:20528e8c29e4536546f0102ce88568b16ea7538393a33fcca951030f7af10457" "/opt/rustwide/cargo-home/bin/cargo" "+ff34b919075f35a1787659e9c448a34b06bab8de" "metadata" "--no-deps" "--format-version=1", kill_on_drop: false }`
[INFO] [stdout] 657b5bb417ed7347fafc5d57b7e05f227f41f6b1ae4644c7aef5345afdea6074
[INFO] [stderr] WARNING: Your kernel does not support swap limit capabilities or the cgroup is not mounted. Memory limited without swap.
[INFO] running `Command { std: "docker" "start" "-a" "657b5bb417ed7347fafc5d57b7e05f227f41f6b1ae4644c7aef5345afdea6074", kill_on_drop: false }`
[INFO] running `Command { std: "docker" "inspect" "657b5bb417ed7347fafc5d57b7e05f227f41f6b1ae4644c7aef5345afdea6074", kill_on_drop: false }`
[INFO] running `Command { std: "docker" "rm" "-f" "657b5bb417ed7347fafc5d57b7e05f227f41f6b1ae4644c7aef5345afdea6074", kill_on_drop: false }`
[INFO] [stdout] 657b5bb417ed7347fafc5d57b7e05f227f41f6b1ae4644c7aef5345afdea6074
[INFO] running `Command { std: "docker" "create" "-v" "/var/lib/crater-agent-workspace/builds/worker-12/target:/opt/rustwide/target:rw,Z" "-v" "/var/lib/crater-agent-workspace/builds/worker-12/source:/opt/rustwide/workdir:ro,Z" "-v" "/var/lib/crater-agent-workspace/cargo-home:/opt/rustwide/cargo-home:ro,Z" "-v" "/var/lib/crater-agent-workspace/rustup-home:/opt/rustwide/rustup-home:ro,Z" "-e" "SOURCE_DIR=/opt/rustwide/workdir" "-e" "CARGO_TARGET_DIR=/opt/rustwide/target" "-e" "CARGO_INCREMENTAL=0" "-e" "RUST_BACKTRACE=full" "-e" "RUSTFLAGS=--cap-lints=forbid" "-e" "CARGO_HOME=/opt/rustwide/cargo-home" "-e" "RUSTUP_HOME=/opt/rustwide/rustup-home" "-w" "/opt/rustwide/workdir" "-m" "1610612736" "--user" "0:0" "--network" "none" "ghcr.io/rust-lang/crates-build-env/linux@sha256:20528e8c29e4536546f0102ce88568b16ea7538393a33fcca951030f7af10457" "/opt/rustwide/cargo-home/bin/cargo" "+ff34b919075f35a1787659e9c448a34b06bab8de" "build" "--frozen" "--message-format=json", kill_on_drop: false }`
[INFO] [stdout] 18a8fec7998a8fe6a4e28132803eb16a985ba3c17baf48e321339472054ce316
[INFO] [stderr] WARNING: Your kernel does not support swap limit capabilities or the cgroup is not mounted. Memory limited without swap.
[INFO] running `Command { std: "docker" "start" "-a" "18a8fec7998a8fe6a4e28132803eb16a985ba3c17baf48e321339472054ce316", kill_on_drop: false }`
[INFO] [stderr]    Compiling proc-macro2 v1.0.24
[INFO] [stderr]    Compiling unicode-xid v0.2.1
[INFO] [stderr]    Compiling syn v1.0.64
[INFO] [stderr]    Compiling lazy_static v1.4.0
[INFO] [stderr]    Compiling libc-nnsdk v0.0.1 (https://github.com/ultimate-research/libc-nnsdk.git#469b6523)
[INFO] [stderr]    Compiling lua_bind_hash v1.0.1
[INFO] [stderr]    Compiling paste v1.0.5
[INFO] [stderr]    Compiling nnsdk v0.1.0 (https://github.com/ultimate-research/nnsdk-rs.git#30b1f975)
[INFO] [stderr]    Compiling quote v1.0.9
[INFO] [stderr]    Compiling skyline_macro v0.1.0 (https://github.com/ultimate-research/skyline-rs.git#e084d2cb)
[INFO] [stderr]    Compiling compile-time-lua-bind-hash v1.1.1
[INFO] [stderr]    Compiling acmd_proc_macros v0.1.0 (https://github.com/ultimate-research/skyline-acmd.git#b6703e7c)
[INFO] [stderr]    Compiling skyline v0.1.0 (https://github.com/ultimate-research/skyline-rs.git#e084d2cb)
[INFO] [stderr]    Compiling skyline_smash v0.1.0 (https://github.com/ultimate-research/skyline-smash.git#8ead3c7c)
[INFO] [stderr]    Compiling acmd v0.1.0 (https://github.com/ultimate-research/skyline-acmd.git#b6703e7c)
[INFO] [stderr]    Compiling acmd_test v0.1.0 (/opt/rustwide/workdir)
[INFO] [stdout] error[E0425]: cannot find value `FIGHTER_KIND_EFLAME` in this scope
[INFO] [stdout]      --> src/eflame/mod.rs:18:26
[INFO] [stdout]       |
[INFO] [stdout] 18    |       battle_object_kind = FIGHTER_KIND_EFLAME, 
[INFO] [stdout]       |                            ^^^^^^^^^^^^^^^^^^^ help: a constant with a similar name exists: `FIGHTER_KIND_BRAVE`
[INFO] [stdout]       | 
[INFO] [stdout]      ::: /opt/rustwide/cargo-home/git/checkouts/skyline-smash-554327a8e2eab01d/8ead3c7/src/lua_const.rs:31:1
[INFO] [stdout]       |
[INFO] [stdout] 31    | / lua_consts!(
[INFO] [stdout] 32    | |     ABNORMAL_STATUS_KIND_NONE: "ABNORMAL_STATUS_KIND_NONE",
[INFO] [stdout] 33    | |     ACT_A_CATCH_ATK: "ACT_A_CATCH_ATK",
[INFO] [stdout] 34    | |     ACT_A_FINAL: "ACT_A_FINAL",
[INFO] [stdout] ...     |
[INFO] [stdout] 26256 | |     ePL_CKING_ORANGE: "ePL_CKING_ORANGE",
[INFO] [stdout] 26257 | | );
[INFO] [stdout]       | |__- similarly named constant `FIGHTER_KIND_BRAVE` defined here
[INFO] [stdout] 
[INFO] [stdout] 
[INFO] [stdout] error[E0425]: cannot find value `FIGHTER_KIND_EFLAME` in this scope
[INFO] [stdout]      --> src/eflame/mod.rs:48:26
[INFO] [stdout]       |
[INFO] [stdout] 48    |       battle_object_kind = FIGHTER_KIND_EFLAME, 
[INFO] [stdout]       |                            ^^^^^^^^^^^^^^^^^^^ help: a constant with a similar name exists: `FIGHTER_KIND_BRAVE`
[INFO] [stdout]       | 
[INFO] [stdout]      ::: /opt/rustwide/cargo-home/git/checkouts/skyline-smash-554327a8e2eab01d/8ead3c7/src/lua_const.rs:31:1
[INFO] [stdout]       |
[INFO] [stdout] 31    | / lua_consts!(
[INFO] [stdout] 32    | |     ABNORMAL_STATUS_KIND_NONE: "ABNORMAL_STATUS_KIND_NONE",
[INFO] [stdout] 33    | |     ACT_A_CATCH_ATK: "ACT_A_CATCH_ATK",
[INFO] [stdout] 34    | |     ACT_A_FINAL: "ACT_A_FINAL",
[INFO] [stdout] ...     |
[INFO] [stdout] 26256 | |     ePL_CKING_ORANGE: "ePL_CKING_ORANGE",
[INFO] [stdout] 26257 | | );
[INFO] [stdout]       | |__- similarly named constant `FIGHTER_KIND_BRAVE` defined here
[INFO] [stdout] 
[INFO] [stdout] 
[INFO] [stdout] error[E0425]: cannot find value `FIGHTER_KIND_EFLAME` in this scope
[INFO] [stdout]      --> src/eflame/mod.rs:75:26
[INFO] [stdout]       |
[INFO] [stdout] 75    |       battle_object_kind = FIGHTER_KIND_EFLAME, 
[INFO] [stdout]       |                            ^^^^^^^^^^^^^^^^^^^ help: a constant with a similar name exists: `FIGHTER_KIND_BRAVE`
[INFO] [stdout]       | 
[INFO] [stdout]      ::: /opt/rustwide/cargo-home/git/checkouts/skyline-smash-554327a8e2eab01d/8ead3c7/src/lua_const.rs:31:1
[INFO] [stdout]       |
[INFO] [stdout] 31    | / lua_consts!(
[INFO] [stdout] 32    | |     ABNORMAL_STATUS_KIND_NONE: "ABNORMAL_STATUS_KIND_NONE",
[INFO] [stdout] 33    | |     ACT_A_CATCH_ATK: "ACT_A_CATCH_ATK",
[INFO] [stdout] 34    | |     ACT_A_FINAL: "ACT_A_FINAL",
[INFO] [stdout] ...     |
[INFO] [stdout] 26256 | |     ePL_CKING_ORANGE: "ePL_CKING_ORANGE",
[INFO] [stdout] 26257 | | );
[INFO] [stdout]       | |__- similarly named constant `FIGHTER_KIND_BRAVE` defined here
[INFO] [stdout] 
[INFO] [stdout] 
[INFO] [stdout] error[E0425]: cannot find value `FIGHTER_KIND_ELIGHT` in this scope
[INFO] [stdout]      --> src/elight/mod.rs:18:26
[INFO] [stdout]       |
[INFO] [stdout] 18    |       battle_object_kind = FIGHTER_KIND_ELIGHT, 
[INFO] [stdout]       |                            ^^^^^^^^^^^^^^^^^^^ help: a constant with a similar name exists: `FIGHTER_KIND_EDGE`
[INFO] [stdout]       | 
[INFO] [stdout]      ::: /opt/rustwide/cargo-home/git/checkouts/skyline-smash-554327a8e2eab01d/8ead3c7/src/lua_const.rs:31:1
[INFO] [stdout]       |
[INFO] [stdout] 31    | / lua_consts!(
[INFO] [stdout] 32    | |     ABNORMAL_STATUS_KIND_NONE: "ABNORMAL_STATUS_KIND_NONE",
[INFO] [stdout] 33    | |     ACT_A_CATCH_ATK: "ACT_A_CATCH_ATK",
[INFO] [stdout] 34    | |     ACT_A_FINAL: "ACT_A_FINAL",
[INFO] [stdout] ...     |
[INFO] [stdout] 26256 | |     ePL_CKING_ORANGE: "ePL_CKING_ORANGE",
[INFO] [stdout] 26257 | | );
[INFO] [stdout]       | |__- similarly named constant `FIGHTER_KIND_EDGE` defined here
[INFO] [stdout] 
[INFO] [stdout] 
[INFO] [stdout] error[E0425]: cannot find value `FIGHTER_KIND_ELIGHT` in this scope
[INFO] [stdout]      --> src/elight/mod.rs:48:26
[INFO] [stdout]       |
[INFO] [stdout] 48    |       battle_object_kind = FIGHTER_KIND_ELIGHT, 
[INFO] [stdout]       |                            ^^^^^^^^^^^^^^^^^^^ help: a constant with a similar name exists: `FIGHTER_KIND_EDGE`
[INFO] [stdout]       | 
[INFO] [stdout]      ::: /opt/rustwide/cargo-home/git/checkouts/skyline-smash-554327a8e2eab01d/8ead3c7/src/lua_const.rs:31:1
[INFO] [stdout]       |
[INFO] [stdout] 31    | / lua_consts!(
[INFO] [stdout] 32    | |     ABNORMAL_STATUS_KIND_NONE: "ABNORMAL_STATUS_KIND_NONE",
[INFO] [stdout] 33    | |     ACT_A_CATCH_ATK: "ACT_A_CATCH_ATK",
[INFO] [stdout] 34    | |     ACT_A_FINAL: "ACT_A_FINAL",
[INFO] [stdout] ...     |
[INFO] [stdout] 26256 | |     ePL_CKING_ORANGE: "ePL_CKING_ORANGE",
[INFO] [stdout] 26257 | | );
[INFO] [stdout]       | |__- similarly named constant `FIGHTER_KIND_EDGE` defined here
[INFO] [stdout] 
[INFO] [stdout] 
[INFO] [stdout] error[E0425]: cannot find value `FIGHTER_KIND_ELIGHT` in this scope
[INFO] [stdout]      --> src/elight/mod.rs:79:26
[INFO] [stdout]       |
[INFO] [stdout] 79    |       battle_object_kind = FIGHTER_KIND_ELIGHT, 
[INFO] [stdout]       |                            ^^^^^^^^^^^^^^^^^^^ help: a constant with a similar name exists: `FIGHTER_KIND_EDGE`
[INFO] [stdout]       | 
[INFO] [stdout]      ::: /opt/rustwide/cargo-home/git/checkouts/skyline-smash-554327a8e2eab01d/8ead3c7/src/lua_const.rs:31:1
[INFO] [stdout]       |
[INFO] [stdout] 31    | / lua_consts!(
[INFO] [stdout] 32    | |     ABNORMAL_STATUS_KIND_NONE: "ABNORMAL_STATUS_KIND_NONE",
[INFO] [stdout] 33    | |     ACT_A_CATCH_ATK: "ACT_A_CATCH_ATK",
[INFO] [stdout] 34    | |     ACT_A_FINAL: "ACT_A_FINAL",
[INFO] [stdout] ...     |
[INFO] [stdout] 26256 | |     ePL_CKING_ORANGE: "ePL_CKING_ORANGE",
[INFO] [stdout] 26257 | | );
[INFO] [stdout]       | |__- similarly named constant `FIGHTER_KIND_EDGE` defined here
[INFO] [stdout] 
[INFO] [stdout] 
[INFO] [stdout] error: aborting due to 6 previous errors
[INFO] [stdout] 
[INFO] [stdout] 
[INFO] [stdout] For more information about this error, try `rustc --explain E0425`.
[INFO] [stdout] 
[INFO] [stderr] error: could not compile `acmd_test`
[INFO] [stderr] 
[INFO] [stderr] To learn more, run the command again with --verbose.
[INFO] running `Command { std: "docker" "inspect" "18a8fec7998a8fe6a4e28132803eb16a985ba3c17baf48e321339472054ce316", kill_on_drop: false }`
[INFO] running `Command { std: "docker" "rm" "-f" "18a8fec7998a8fe6a4e28132803eb16a985ba3c17baf48e321339472054ce316", kill_on_drop: false }`
[INFO] [stdout] 18a8fec7998a8fe6a4e28132803eb16a985ba3c17baf48e321339472054ce316
